 t = -30 + 36. What is the remainder when (94/t)/((-3)/(-9)) is divided by 17?
13
Suppose o - 89 = 3*d + 18, d - 599 = -5*o. What is the remainder when o is divided by 11?
9
Calculate the remainder when 70 is divided by 32/(-14 + 6) + 31.
16
Suppose -17 - 7 = -5*v + z, v - 10 = -5*z. What is the remainder when 82 is divided by v?
2
Suppose -109*a = -118*a + 3600. Calculate the remainder when a is divided by 130.
10
Let r = -14 + 31. Suppose 6*u = -4*u + 90. Calculate the remainder when r is divided by u.
8
Let a be ((-15)/2 - -1)*-2. Suppose -4*i = d - 38, i + 11 = 2*d - 47. Suppose d = v - a. Calculate the remainder when v is divided by 22.
21
Suppose 2*l - 5*m = 0, 0*l + l + 3*m - 11 = 0. Suppose d - 166 = -2*d + l*z, -174 = -3*d - 3*z. What is the remainder when d is divided by 29?
28
Suppose -3*u + 5*t + 84 = 0, t = -2*u - 0*u + 69. Let h = 63 - u. Suppose -5*c = -4*d + 54, 2*d - 53 = -3*d - c. Calculate the remainder when h is divided by d.
8
Let q be (-3)/((-3)/28 - (-6)/24). Let p = 12 - q. Calculate the remainder when p is divided by 17.
16
Suppose -49*r = -140 - 399. Suppose 5*x + 3*s - 204 = -0*s, 3*x - 3*s = 108. What is the remainder when x is divided by r?
6
Let b(g) = 17*g**2 - 6*g + 2. Calculate the remainder when 114 is divided by b(1).
10
Calculate the remainder when (116 - 66)*4/2 is divided by 85.
15
Let b = 248 + -192. Calculate the remainder when 155 is divided by b.
43
Let a = 49 - 45. Suppose 3*c = 2*f - 49, -a*c = 2*f - 3*c - 45. Calculate the remainder when 114 is divided by f.
22
Let f(x) = -3*x - 1. What is the remainder when 48 is divided by f(-6)?
14
Let h = 754 + -477. What is the remainder when h is divided by 53?
12
Let w(s) = s**3 + s**2 - 94*s + 5. What is the remainder when 449 is divided by w(-10)?
44
Suppose 0 = -5*m - 10 + 10. Let b = 1 + 2. Suppose 2*l - b*l - 3*h + 3 = m, 3*h - 18 = -2*l. Calculate the remainder when l is divided by 8.
7
What is the remainder when 6 - 8 - (4 + (-3 - 57)) is divided by 31?
23
Suppose -140*g + 177*g - 2109 = 0. Calculate the remainder when 103 is divided by g.
46
Let r = 53 - 33. Let f = 45 - 23. What is the remainder when f is divided by ((-72)/r)/(2/(-5))?
4
Suppose -38*q + 12 = -32*q. What is the remainder when 16 is divided by q?
0
Let y(u) = -2*u**2 + 22*u + 30. Calculate the remainder when 182 is divided by y(9).
50
Suppose z = 2*r - 18, 6*r - 3*r - 1 = -5*z. Let q(k) = k**3 - 7*k**2 + 2. Let w be q(r). Calculate the remainder when -6*w/(-4) + 116 is divided by 30.
29
Let x = -835 + 1334. What is the remainder when x is divided by 25?
24
Suppose -29*w + 31*w = 0. Suppose w = -7*s + 4*s + 138. What is the remainder when 179 is divided by s?
41
Suppose 29 - 144 = -5*b. Suppose c - b = 11. Let t(q) = -q**2 - 11*q + 8. Calculate the remainder when c is divided by t(-10).
16
Suppose 4*b - 174 = -5*p, 5*b = 4*b + 1. What is the remainder when 119 is divided by p?
17
Suppose 4*d - 29 = -1. What is the remainder when 48 is divided by d?
6
Let o(p) = 49*p - 2. What is the remainder when 180 is divided by o(1)?
39
Suppose 5*r + p - 8 = -3*p, 3*r = 3*p - 6. Suppose r = 5*o - 3*k - 113, 15 = -4*o + 4*k + 99. Calculate the remainder when o is divided by 7.
4
Let v(s) = 5*s**2 + 17*s + 23. What is the remainder when v(-8) is divided by 71?
65
Let h(a) = 2*a**2 + 5*a + 3. Let s be h(-5). Let r = s - 15. Calculate the remainder when r is divided by (4/18 + 188/(-36))/(-1).
3
Let c(r) = -6*r**2 + 21 + r**3 + 8*r - 15 - 2*r**3. Let n be c(-7). Let t = 17 + n. What is the remainder when 47 is divided by t?
15
Suppose 0*g + 64 = 5*g + u, -5*u + 80 = 5*g. Suppose -61 = -6*j + 29. What is the remainder when j is divided by g?
3
Let j(h) = 4*h**2 + 11*h + 29. Calculate the remainder when j(6) is divided by 80.
79
Let p = -491 + 502. Calculate the remainder when 207 is divided by p.
9
Suppose -28 = -2*s + 13*r - 11*r, 0 = -s - 3*r + 34. What is the remainder when 34 is divided by s?
15
Let z = -24 + 58. What is the remainder when 118 is divided by z?
16
Let n = 30 + -27. Suppose -188 = -5*h + 2*x, -n*x - 2*x - 92 = -2*h. Suppose 5*b - 50 = -0*b. What is the remainder when h is divided by b?
6
Suppose 0*l - 5*l + 5 = 0. Suppose 5*i - l = 4*i. What is the remainder when 2 is divided by i?
0
Let g = -606 - -617. Calculate the remainder when 1724 is divided by g.
8
Suppose 4*k + 42 = 2*d, -4*d - 3*k - 2 + 53 = 0. Let i be (40/25)/(3/d). Calculate the remainder when -6 + i/2 + 18 is divided by 9.
7
Suppose -153 = -0*j - j. Let y = 51 - 53. Let u(l) = 9*l**2 - 14*l - 25. Calculate the remainder when j is divided by u(y).
36
Let r(p) = p**3 + p**2 - 4*p - 8. Let w be r(-3). Let d = w - -23. What is the remainder when d is divided by 4?
1
Suppose t - 6*t = -55. Calculate the remainder when (200/(-75))/((-2)/24) is divided by t.
10
Suppose -91 = -5*t + 34. Calculate the remainder when 22 is divided by (-1)/(-2) + 0 + t/2.
9
Let j(u) = -22*u**3 + 5*u**2 + 8*u - 5. What is the remainder when j(-4) is divided by 112?
107
Suppose 2*g = -3*g + 945. Suppose -2*f = -5*f + g. Calculate the remainder when f is divided by 16.
15
Let y(g) = -g**3 + 38*g**2 - 73*g + 68. Calculate the remainder when y(36) is divided by 10.
2
Let g(t) = 11*t**2 + 20*t - 204. Calculate the remainder when g(7) is divided by 14.
13
Let s = 501 + -441. What is the remainder when 479 is divided by s?
59
Let n = 181 - 172. What is the remainder when n is divided by 6?
3
What is the remainder when 174 is divided by (-6)/10 + (-494)/(-65) - 0?
6
Suppose 25 = 5*d - c, -4*d = c + 5 - 16. What is the remainder when 96 is divided by 18 + 5 - (-8)/d?
21
Suppose y + 20 = 6*y. Suppose -1 = -5*j + y, j = -3*w + 145. Calculate the remainder when 286 is divided by w.
46
Let t = 566 - 514. Calculate the remainder when 207 is divided by t.
51
Suppose -j + 2*j = 6. Let c = 1139 + -1129. Calculate the remainder when c is divided by j.
4
Let r = -54 - -58. Suppose -3*d = m - 23, -9*m + r*d + 92 = -5*m. Calculate the remainder when 88 is divided by m.
19
Let t = -25 - -27. Suppose -t*y + 54 = -2*m, y + 5*m - 27 - 24 = 0. Calculate the remainder when y is divided by 3/(-12) - 33/(-4).
7
Let j = 796 - 778. What is the remainder when 68 is divided by j?
14
Let r = 123 - -276. Calculate the remainder when r is divided by 100.
99
Let z = -565 - -575. Calculate the remainder when z is divided by 44/6 - 6/18.
3
Suppose -12*i + 84*i = 792. Calculate the remainder when 83 is divided by i.
6
Let p(b) = -17*b - 106. Let s(v) = 4*v + 26. Let q(h) = 6*p(h) + 26*s(h). Calculate the remainder when q(12) is divided by 34.
30
Let u(r) = -14*r - 110. What is the remainder when u(-16) is divided by 10?
4
Let r be (-6)/45 - 19*(-24)/45. What is the remainder when 67 is divided by ((-4)/r - 539/(-35)) + 4?
10
Suppose -581 = -5*n - 5*o + 3*o, 0 = n + 4*o - 109. Calculate the remainder when n is divided by 32.
21
Let q = -280 - -293. Calculate the remainder when q is divided by 2.
1
Let d = 1280 + -1242. Calculate the remainder when d is divided by 22.
16
Suppose 12*b - 2224 = -520. Calculate the remainder when b is divided by 36.
34
What is the remainder when 34 is divided by ((-14)/(-8))/((-5 - -2)/(-12))?
6
Let u(y) = -y**3 + 20*y**2 + 9*y - 27. What is the remainder when u(20) is divided by 33?
21
Let f(t) = 2*t**2 - 16*t - 5. Let n = 13 + -4. Let k be f(n). Suppose 2*g - 3 = k. Calculate the remainder when 23 is divided by g.
7
Suppose -9*c - 36 = -5*c. Let x(z) = z**3 + 8*z**2 - 10*z + 1. Calculate the remainder when x(c) is divided by 7.
3
Suppose -80 = -4*b - 4*o, 5*b + 3*o - 5*o = 86. What is the remainder when 68 is divided by b?
14
Suppose 0 = -5*n + i + 1341, -529 - 544 = -4*n + i. Let d = n + -152. What is the remainder when d is divided by 39?
38
Suppose 168 = -x + 4*x. Calculate the remainder when 215 is divided by x.
47
Let a be (-9 - -4)*(-1 + 0). Let g be 1/a - (-61)/(-5). Calculate the remainder when (-124)/g*(3 + 0) is divided by 8.
7
Let u = 51 + -13. Let c = -32 + u. Suppose 4*f - 61 + 5 = 0. What is the remainder when f is divided by c?
2
Let p = 74 - 39. Suppose -18*b = -16*b - 28. Suppose -b + 26 = k. What is the remainder when p is divided by k?
11
Suppose 0 = 3*w - r - 102, -5*w + 78 = -5*r - 102. Suppose 0 = -5*b + w + 37. What is the remainde